lse
Is 75011 a composite number?
False
Is 49739 prime?
True
Is 8185 a prime number?
False
Is 317 composite?
False
Is 1561 composite?
True
Is 146819 composite?
False
Is 1943383 a composite number?
True
Is 43759 a prime number?
True
Is 3427 a composite number?
True
Is 160619 prime?
True
Is 174539 a prime number?
False
Is 422291 a prime number?
True
Is 405731 composite?
False
Is 288947 a composite number?
False
Is 229247 a prime number?
True
Is 553227 a composite number?
True
Is 5803 a composite number?
True
Is 21239 composite?
True
Is 371383 a composite number?
False
Is 130927 composite?
False
Is 16963 a composite number?
False
Is 7037 a composite number?
True
Is 5042 a prime number?
False
Is 40787 composite?
False
Is 843113 prime?
True
Is 707321 a composite number?
False
Is 331 composite?
False
Is 20861 a prime number?
False
Is 433243 prime?
False
Is 43115 composite?
True
Is 77069 prime?
True
Is 567179 composite?
False
Is 103171 prime?
True
Is 303221 composite?
True
Is 51169 a prime number?
True
Is 590683 a prime number?
False
Is 67819 a composite number?
False
Is 122963 prime?
True
Is 3043345 a prime number?
False
Is 1001621 composite?
False
Is 267017 composite?
False
Is 99961 a composite number?
False
Is 2961821 composite?
False
Is 85411 a prime number?
True
Is 23231 prime?
False
Is 149933 composite?
True
Is 16411 prime?
True
Is 407 composite?
True
Is 17569 prime?
True
Is 496997 composite?
False
Is 112051 a composite number?
True
Is 253049 a prime number?
True
Is 60493 a prime number?
True
Is 6299 a composite number?
False
Is 1994 prime?
False
Is 1733 a composite number?
False
Is 1661519 composite?
False
Is 164729 prime?
True
Is 3907 a prime number?
True
Is 106501 composite?
False
Is 6898 a prime number?
False
Is 572255 a composite number?
True
Is 554314 a composite number?
True
Is 93601 composite?
False
Is 153971 prime?
False
Is 20697 a prime number?
False
Is 71477 a composite number?
True
Is 19 a prime number?
True
Is 95377 prime?
False
Is 1713801 prime?
False
Is 4685 a prime number?
False
Is 5053 composite?
True
Is 1664707 prime?
False
Is 2857 prime?
True
Is 3554 a prime number?
False
Is 99539 prime?
False
Is 6271 prime?
True
Is 3491 a composite number?
False
Is 2669 prime?
False
Is 28901 prime?
True
Is 382 prime?
False
Is 28181 prime?
True
Is 631 a composite number?
False
Is 19913 a composite number?
False
Is 151127 a composite number?
True
Is 115397 composite?
True
Is 8059 composite?
False
Is 24655 a composite number?
True
Is 137131 a composite number?
False
Is 117749 composite?
True
Is 54479 a composite number?
True
Is 23701 a prime number?
False
Is 91331 prime?
True
Is 160961 a prime number?
False
Is 21313 prime?
True
Is 6719 composite?
False
Is 24545 a composite number?
True
Is 16769 prime?
False
Is 4265 composite?
True
Is 7427 a prime number?
False
Is 7093 a composite number?
True
Is 34987 a composite number?
True
Is 75209 prime?
True
Is 15599 a composite number?
True
Is 59459 a composite number?
True
Is 61991 a composite number?
False
Is 122197 a composite number?
True
Is 48971 a composite number?
True
Is 452759 a composite number?
False
Is 28361 prime?
False
Is 57311 a prime number?
False
Is 52703 prime?
False
Is 9722 prime?
False
Is 575153 a composite number?
False
Is 321817 composite?
False
Is 653269 a prime number?
False
Is 15503 prime?
False
Is 385621 a composite number?
False
Is 39157 composite?
False
Is 536033 prime?
False
Is 22487 prime?
False
Is 887 prime?
True
Is 6833 a prime number?
True
Is 2073281 composite?
True
Is 105709 a composite number?
True
Is 50329 prime?
True
Is 10061 composite?
False
Is 12731 prime?
False
Is 174851 prime?
True
Is 34211 a prime number?
True
Is 1299 composite?
True
Is 11071 a composite number?
False
Is 568171 prime?
True
Is 21179 composite?
False
Is 24191 a composite number?
True
Is 3093 a prime number?
False
Is 206431 a composite number?
True
Is 11311 prime?
True
Is 116917 a prime number?
False
Is 3113569 a prime number?
True
Is 18695 a prime number?
False
Is 111647 a composite number?
True
Is 1864027 a composite number?
True
Is 641 a prime number?
True
Is 236519 a prime number?
True
Is 445337 a prime number?
False
Is 151663 prime?
False
Is 165229 composite?
False
Is 16969 composite?
True
Is 906943 composite?
False
Is 37243 a composite number?
False
Is 24587 composite?
True
Is 131074 composite?
True
Is 6971 prime?
True
Is 63667 composite?
False
Is 3224471 a prime number?
False
Is 8509 a composite number?
True
Is 3088757 composite?
True
Is 414871 prime?
True
Is 37574 prime?
False
Is 31847 a prime number?
True
Is 1551647 composite?
False
Is 1408459 prime?
False
Is 537133 composite?
False
Is 2819 a prime number?
True
Is 41623 composite?
True
Is 1363 prime?
False
Is 40349 a prime number?
False
Is 1249477 composite?
False
Is 566387 a prime number?
True
Is 1468201 a composite number?
True
Is 223553 a prime number?
False
Is 4201 a composite number?
False
Is 858647 a composite number?
True
Is 1381 prime?
True
Is 3163 a prime number?
True
Is 39659 prime?
True
Is 58631 a composite number?
False
Is 374503 a prime number?
False
Is 3019 prime?
True
Is 104569 a composite number?
True
Is 482 prime?
False
Is 27527 prime?
True
Is 22339 prime?
False
Is 701 composite?
False
Is 1193135 a composite number?
True
Is 57347 a composite number?
False
Is 117617 prime?
True
Is 25791 a prime number?
False
Is 11513 composite?
True
Is 1019093 a prime number?
True
Is 76441 a composite number?
False
Is 422657 composite?
False
Is 570089 a composite number?
True
Is 403757 a composite number?
False
Is 3593 a composite number?
False
Is 50821 a composite number?
False
Is 1069 a composite number?
False
Is 24441 a composite number?
True
Is 39269 a composite number?
True
Is 351229 a prime number?
True
Is 572197 prime?
False
Is 330719 a prime number?
True
Is 51619 prime?
False
Is 171903 a prime number?
False
Is 571303 prime?
True
Is 582299 prime?
True
Is 39679 a composite number?
False
Is 673 prime?
True
Is 49307 a composite number?
False
Is 7243 a composite number?
False
Is 92797 composite?
True
Is 1714979 a composite number?
True
Is 16811 a composite number?
False
Is 27143 prime?
True
Is 22189 composite?
False
Is 1361 composite?
False
Is 507491 a composite number?
False
Is 188749 prime?
False
Is 428381 composite?
True
Is 42257 prime?
True
Is 1931 composite?
False
Is 256279 composite?
False
Is 2119259 prime?
True
Is 20129 a prime number?
True
Is 1086587 prime?
True
Is 2633 a composite number?
False
Is 62695 prime?
False
Is 338659 a prime number?
True
Is 769919 a composite number?
False
Is 4417 a composite number?
True
Is 31067 a prime number?
False
Is 207223 prime?
False
Is 123115 composite?
True
Is 267557 composite?
False
Is 23099 a prime number?
True
Is 4721 composite?
False
Is 180413 a composite number?
False
Is 5981 prime?
True
Is 1005319 a prime number?
False
Is 6761 composite?
False
Is 46286 composite?
True
Is 93511 a composite number?
True
Is 404249 a composite number?
False
Is 12755 prime?
False
Is 39191 a prime number?
True
Is 56039 a composite number?
False
Is 36415 a prime number?
False
Is 112397 a prime number?
True
Is 286774 prime?
False
Is 61169 a composite number?
False
Is 247523 a composite number?
True
Is 35621 composite?
True
Is 22141 prime?
False
Is 35023 prime?
True
Is 921 a composite number?
True
Is 15727 a composite number?
False
Is 647 a composite number?
False
Is 26623 prime?
False
Is 20789 a composite number?
False
Is 64969 composite?
False
Is 31499 prime?
False
Is 43013 composite?
False
Is 746401 a prime number?
False
Is 17881 a composite number?
False
Is 425977 a composite number?
False
Is 100873 prime?
False
Is 11749 composite?
True
Is 13914521 prime?
True
Is 96167 composite?
False
Is 45281 prime?
True
Is 3659 a composite number?
False
Is 23839 composite?
True
Is 310223 a prime number?
True
Is 123631 a prime number?
True
Is 543539 a composite number?
False
Is 14591 a composite number?
False
Is 7291 a composite number?
True
Is 58571 a prime number?
False
Is 1976647 a prime number?
True
Is 502769 composite?
False
Is 16619 prime?
True
Is 5873 a prime number?
False
Is 45403 a composite number?
False
Is 1949 a composite number?
False
Is 28187 composite?
True
Is 75523 a prime number?
False
Is 9431 a prime num